{"id":408,"date":"2010-04-22T11:22:59","date_gmt":"2010-04-22T09:22:59","guid":{"rendered":"http:\/\/www.jennyundmarcel.de\/wordpress\/?page_id=408"},"modified":"2019-09-20T09:44:38","modified_gmt":"2019-09-20T07:44:38","slug":"unser-grundstuck","status":"publish","type":"page","link":"https:\/\/jennyundmarcel.de\/?page_id=408","title":{"rendered":"Unser Grundst\u00fcck"},"content":{"rendered":"<p>Tja, auf dieser Seite werden wir mal die in den einzelnen Artikeln geposteten Bilder und Daten zu unserem Grundst\u00fcck festhalten bzw. gesammelt anzeigen. Mittlerweile sind wir dann auch endlich offizielle Grundst\u00fccksbesitzer. Jetzt fehlt nur noch das fertige Haus darauf. Aber bis wir soweit sind, werden wohl noch ein paar Tage \/ Wochen \/ Monate vergehen.<\/p>\n<p><span style=\"text-decoration: underline;\"><em><strong>Unser Grundst\u00fcck am 21.04.2010<\/strong><\/em><\/span><\/p>\nngg_shortcode_0_placeholder\n<p><span style=\"text-decoration: underline;\"><em><strong>Unser Grundst\u00fcck am 03.07.2010:<\/strong><\/em><\/span><\/p>\nngg_shortcode_1_placeholder\n<p><span style=\"text-decoration: underline;\"><em><strong>Unser Grundst\u00fcck am 14.08.2010:<\/strong><\/em><\/span><\/p>\n<p>ngg_shortcode_2_placeholder<br \/>\n(Irgend jemand hat das Unkraut geschnitten und entfernt. Nur wer?)<\/p>\n<p><span style=\"text-decoration: underline;\"><em><strong>Unser Grundst\u00fcck am 21.09.2010:<\/strong><\/em><\/span><\/p>\n<p>ngg_shortcode_3_placeholder<br \/>\n(Erdarbeiten haben begonnen: Mutterboden ist abgeschoben)<\/p>\n<p><span style=\"text-decoration: underline;\"><em><strong>Unser Grundst\u00fcck am 22.09.2010:<\/strong><\/em><\/span><\/p>\n<p>ngg_shortcode_4_placeholder<br \/>\n(Baugrube fast vollst\u00e4ndig ausgehoben)<\/p>\n<p><span style=\"text-decoration: underline;\"><em><strong>Unser Grundst\u00fcck am 23.09.2010:<\/strong><\/em><\/span><\/p>\n<p>ngg_shortcode_5_placeholder<br \/>\n(Baugrube fertig, inkl. Vlies und K\u00f6rnung)<\/p>\n<hr>\n<p><span style=\"color: #008000;\"><strong><span style=\"text-decoration: underline;\">Aktueller Status \/ bisheriger Verlauf:<\/span><\/strong><\/span><\/p>\n<ol>\n<li><span style=\"color: #008000;\">Grundst\u00fccksuche<\/span><\/li>\n<li><span style=\"color: #008000;\">Entsprechendes Grundst\u00fcck ausgew\u00e4hlt<\/span><\/li>\n<li><span style=\"color: #008000;\">Verhandlungen mit dem Grundst\u00fccksverk\u00e4ufer<\/span><\/li>\n<li><span style=\"color: #008000;\">Angebote f\u00fcr Bodengutachten in Auftrag gegeben<br \/>\n<\/span><\/li>\n<li><span style=\"color: #008000;\">Bodengutachten f\u00fcr das ausgew\u00e4hlte Grundst\u00fcck erstellen lassen<\/span><\/li>\n<li><span style=\"color: #008000;\">Weitere Verhandlungen mit dem Grundst\u00fccksverk\u00e4ufer<\/span><\/li>\n<li><span style=\"color: #008000;\">Vermesser beauftragt f\u00fcr Grundst\u00fcckstrennung<\/span><\/li>\n<li><span style=\"color: #008000;\">Trennung des Grundst\u00fccks erfolgt<br \/>\n<\/span><\/li>\n<li><span style=\"color: #008000;\">Notartermin steht fest bzw. ist terminiert<br \/>\n<\/span><\/li>\n<li><span style=\"color: #008000;\">Unterschriften beim Notar geleistet<\/span><\/li>\n<li><span style=\"color: #008000;\">Notarrechnung erhalten und \u00fcberwiesen<\/span><\/li>\n<li><span style=\"color: #008000;\">Grunderwerbsteuerbescheid erhalten und \u00fcberwiesen<\/span><\/li>\n<li><span style=\"color: #008000;\">Schreiben vom Notar: F\u00e4lligkeitsvoraussetzung liegt vor<\/span><\/li>\n<li><span style=\"color: #008000;\">Vorkausrechtbescheinigung: Verwaltungsgeb\u00fchr an die Komune \u00fcberweisen<\/span><\/li>\n<li><span style=\"color: #008000;\">Bank F\u00e4lligkeitstermin best\u00e4tigt und \u00dcberweisung terminiert angewiesen<\/span><\/li>\n<li><span style=\"color: #008000;\">Grundst\u00fcck ist bezahlt &#8211; Geld wurde \u00fcberwiesen<\/span><\/li>\n<li><span style=\"color: #008000;\">Grundst\u00fcckverk\u00e4ufer informierte Notar \u00fcber erhaltenen Betrag<\/span><\/li>\n<li><span style=\"color: #008000;\">Gerichtskasse K\u00f6ln: Streichung des Vorkaufsrecht und Eintragung Grundbuch bezahlen<\/span><\/li>\n<li><span style=\"color: #008000;\">Hausnummer von der Stadt Eschweiler erhalten<\/span><\/li>\n<li><span style=\"color: #008000;\">Notarieller Kaufvertrag mit Siegel erhalten<br \/>\n<\/span><\/li>\n<li><span style=\"color: #008000;\">Auszug aus dem Grundbuch erhalten: Wir sind offizielle eingetragene Eigent\u00fcmer des Grundst\u00fccks!<\/span><\/li>\n<li><span style=\"color: #008000;\">Grobabsteckung durch den Vermesser und Mutterboden abgeschoben<\/span><\/li>\n<li><span style=\"color: #008000;\">Baugrube ausgehoben, Kellerk\u00f6rnung eingebracht inkl. Vlies<br \/>\n<\/span><\/li>\n<\/ol>\n<hr>\n<p><span style=\"text-decoration: underline;\"><strong>Und so soll das dann mal mit Garage, Haus, Auffahrt, Terrasse und Garten aussehen:<\/strong><\/span><\/p>\n<p style=\"text-align: center;\"><a href=\"https:\/\/jennyundmarcel.de\/?attachment_id=637\" rel=\"attachment wp-att-637\"><img loading=\"lazy\" decoding=\"async\" class=\"aligncenter size-large wp-image-637\" style=\"border: 0pt none;\" title=\"Grundst\u00fcck mit Haus, Garage, etc\" src=\"https:\/\/jennyundmarcel.de\/wp-content\/uploads\/2010\/04\/Grundst\u00fcck-500x894.jpg\" alt=\"Grundst\u00fcck mit Ma\u00dfe, Haus, Garage, Terasse, Auffahrt und Garten\" width=\"500\" height=\"894\" srcset=\"https:\/\/jennyundmarcel.de\/wp-content\/uploads\/2010\/04\/Grundst\u00fcck-500x894.jpg 500w, https:\/\/jennyundmarcel.de\/wp-content\/uploads\/2010\/04\/Grundst\u00fcck-167x300.jpg 167w, https:\/\/jennyundmarcel.de\/wp-content\/uploads\/2010\/04\/Grundst\u00fcck.jpg 708w\" sizes=\"auto, (max-width: 500px) 100vw, 500px\" \/><\/a><\/p>\n<div id=\"_mcePaste\" style=\"position: absolute; left: -10000px; top: 116px; width: 1px; height: 1px; overflow: hidden;\">F\u00e4lligkeitsvoraussetzungenF<\/div>\n","protected":false},"excerpt":{"rendered":"<p>Tja, auf dieser Seite werden wir mal die in den einzelnen Artikeln geposteten Bilder und Daten zu unserem Grundst\u00fcck festhalten bzw. gesammelt anzeigen. Mittlerweile sind wir dann auch endlich offizielle Grundst\u00fccksbesitzer. Jetzt fehlt nur noch das fertige Haus darauf. Aber bis wir soweit sind, werden wohl noch ein paar Tage \/ Wochen \/ Monate vergehen. [&hellip;]<\/p>\n","protected":false},"author":1,"featured_media":0,"parent":0,"menu_order":30,"comment_status":"open","ping_status":"closed","template":"","meta":{"ngg_post_thumbnail":0,"jetpack_post_was_ever_published":false,"footnotes":""},"class_list":["post-408","page","type-page","status-publish","hentry"],"jetpack_sharing_enabled":true,"jetpack_shortlink":"https:\/\/wp.me\/PRK4T-6A","_links":{"self":[{"href":"https:\/\/jennyundmarcel.de\/index.php?rest_route=\/wp\/v2\/pages\/408","targetHints":{"allow":["GET"]}}],"collection":[{"href":"https:\/\/jennyundmarcel.de\/index.php?rest_route=\/wp\/v2\/pages"}],"about":[{"href":"https:\/\/jennyundmarcel.de\/index.php?rest_route=\/wp\/v2\/types\/page"}],"author":[{"embeddable":true,"href":"https:\/\/jennyundmarcel.de\/index.php?rest_route=\/wp\/v2\/users\/1"}],"replies":[{"embeddable":true,"href":"https:\/\/jennyundmarcel.de\/index.php?rest_route=%2Fwp%2Fv2%2Fcomments&post=408"}],"version-history":[{"count":42,"href":"https:\/\/jennyundmarcel.de\/index.php?rest_route=\/wp\/v2\/pages\/408\/revisions"}],"predecessor-version":[{"id":3266,"href":"https:\/\/jennyundmarcel.de\/index.php?rest_route=\/wp\/v2\/pages\/408\/revisions\/3266"}],"wp:attachment":[{"href":"https:\/\/jennyundmarcel.de\/index.php?rest_route=%2Fwp%2Fv2%2Fmedia&parent=408"}],"curies":[{"name":"wp","href":"https:\/\/api.w.org\/{rel}","templated":true}]}}

Unser Grundstück

<p>Tja, auf dieser Seite werden wir mal die in den einzelnen Artikeln geposteten Bilder und Daten zu unserem Grundstück festhalten bzw. gesammelt anzeigen. Mittlerweile sind wir dann auch endlich offizielle Grundstücksbesitzer. Jetzt fehlt nur noch das fertige Haus darauf. Aber bis wir soweit sind, werden wohl noch ein paar Tage / Wochen / Monate vergehen.</p>
<p><span style="text-decoration: underline;"><em><strong>Unser Grundstück am 21.04.2010</strong></em></span></p>
ngg_shortcode_0_placeholder
<p><span style="text-decoration: underline;"><em><strong>Unser Grundstück am 03.07.2010:</strong></em></span></p>
ngg_shortcode_1_placeholder
<p><span style="text-decoration: underline;"><em><strong>Unser Grundstück am 14.08.2010:</strong></em></span></p>
<p>ngg_shortcode_2_placeholder<br />
(Irgend jemand hat das Unkraut geschnitten und entfernt. Nur wer?)</p>
<p><span style="text-decoration: underline;"><em><strong>Unser Grundstück am 21.09.2010:</strong></em></span></p>
<p>ngg_shortcode_3_placeholder<br />
(Erdarbeiten haben begonnen: Mutterboden ist abgeschoben)</p>
<p><span style="text-decoration: underline;"><em><strong>Unser Grundstück am 22.09.2010:</strong></em></span></p>
<p>ngg_shortcode_4_placeholder<br />
(Baugrube fast vollständig ausgehoben)</p>
<p><span style="text-decoration: underline;"><em><strong>Unser Grundstück am 23.09.2010:</strong></em></span></p>
<p>ngg_shortcode_5_placeholder<br />
(Baugrube fertig, inkl. Vlies und Körnung)</p>
<hr>
<p><span style="color: #008000;"><strong><span style="text-decoration: underline;">Aktueller Status / bisheriger Verlauf:</span></strong></span></p>
<ol>
<li><span style="color: #008000;">Grundstücksuche</span></li>
<li><span style="color: #008000;">Entsprechendes Grundstück ausgewählt</span></li>
<li><span style="color: #008000;">Verhandlungen mit dem Grundstücksverkäufer</span></li>
<li><span style="color: #008000;">Angebote für Bodengutachten in Auftrag gegeben<br />
</span></li>
<li><span style="color: #008000;">Bodengutachten für das ausgewählte Grundstück erstellen lassen</span></li>
<li><span style="color: #008000;">Weitere Verhandlungen mit dem Grundstücksverkäufer</span></li>
<li><span style="color: #008000;">Vermesser beauftragt für Grundstückstrennung</span></li>
<li><span style="color: #008000;">Trennung des Grundstücks erfolgt<br />
</span></li>
<li><span style="color: #008000;">Notartermin steht fest bzw. ist terminiert<br />
</span></li>
<li><span style="color: #008000;">Unterschriften beim Notar geleistet</span></li>
<li><span style="color: #008000;">Notarrechnung erhalten und überwiesen</span></li>
<li><span style="color: #008000;">Grunderwerbsteuerbescheid erhalten und überwiesen</span></li>
<li><span style="color: #008000;">Schreiben vom Notar: Fälligkeitsvoraussetzung liegt vor</span></li>
<li><span style="color: #008000;">Vorkausrechtbescheinigung: Verwaltungsgebühr an die Komune überweisen</span></li>
<li><span style="color: #008000;">Bank Fälligkeitstermin bestätigt und Überweisung terminiert angewiesen</span></li>
<li><span style="color: #008000;">Grundstück ist bezahlt &#8211; Geld wurde überwiesen</span></li>
<li><span style="color: #008000;">Grundstückverkäufer informierte Notar über erhaltenen Betrag</span></li>
<li><span style="color: #008000;">Gerichtskasse Köln: Streichung des Vorkaufsrecht und Eintragung Grundbuch bezahlen</span></li>
<li><span style="color: #008000;">Hausnummer von der Stadt Eschweiler erhalten</span></li>
<li><span style="color: #008000;">Notarieller Kaufvertrag mit Siegel erhalten<br />
</span></li>
<li><span style="color: #008000;">Auszug aus dem Grundbuch erhalten: Wir sind offizielle eingetragene Eigentümer des Grundstücks!</span></li>
<li><span style="color: #008000;">Grobabsteckung durch den Vermesser und Mutterboden abgeschoben</span></li>
<li><span style="color: #008000;">Baugrube ausgehoben, Kellerkörnung eingebracht inkl. Vlies<br />
</span></li>
</ol>
<hr>
<p><span style="text-decoration: underline;"><strong>Und so soll das dann mal mit Garage, Haus, Auffahrt, Terrasse und Garten aussehen:</strong></span></p>
<p style="text-align: center;"><a href="https://jennyundmarcel.de/?attachment_id=637" rel="attachment wp-att-637"><img loading="lazy" decoding="async" class="aligncenter size-large wp-image-637" style="border: 0pt none;" title="Grundstück mit Haus, Garage, etc" src="https://jennyundmarcel.de/wp-content/uploads/2010/04/Grundstück-500x894.jpg" alt="Grundstück mit Maße, Haus, Garage, Terasse, Auffahrt und Garten" width="500" height="894" srcset="https://jennyundmarcel.de/wp-content/uploads/2010/04/Grundstück-500x894.jpg 500w, https://jennyundmarcel.de/wp-content/uploads/2010/04/Grundstück-167x300.jpg 167w, https://jennyundmarcel.de/wp-content/uploads/2010/04/Grundstück.jpg 708w" sizes="auto, (max-width: 500px) 100vw, 500px" /></a></p>
<div id="_mcePaste" style="position: absolute; left: -10000px; top: 116px; width: 1px; height: 1px; overflow: hidden;">FälligkeitsvoraussetzungenF</div>

<p>Tja, auf dieser Seite werden wir mal die in den einzelnen Artikeln geposteten Bilder und Daten zu unserem Grundstück festhalten bzw. gesammelt anzeigen. Mittlerweile sind wir dann auch endlich offizielle Grundstücksbesitzer. Jetzt fehlt nur noch das fertige Haus darauf. Aber bis wir soweit sind, werden wohl noch ein paar Tage / Wochen / Monate vergehen. [&hellip;]</p>
